{"id":21240,"date":"2023-07-28T23:02:17","date_gmt":"2023-07-28T21:02:17","guid":{"rendered":"https:\/\/www.home.dbrsp.de\/?page_id=21240"},"modified":"2026-04-01T13:39:29","modified_gmt":"2026-04-01T11:39:29","slug":"erasmus","status":"publish","type":"page","link":"https:\/\/www.home.dbrsp.de\/index.php\/erasmus\/","title":{"rendered":"ERASMUS+"},"content":{"rendered":"\n\t\t<div id=\"fws_69f3589d86938\"  data-column-margin=\"default\" data-midnight=\"light\" data-top-percent=\"15%\" data-bottom-percent=\"13%\"  class=\"wpb_row vc_row-fluid vc_row full-width-section vc_row-o-equal-height vc_row-flex vc_row-o-content-bottom\"  style=\"padding-top: calc(100vw * 0.15); padding-bottom: calc(100vw * 0.13); \"><div class=\"row-bg-wrap\" data-bg-animation=\"none\" data-bg-animation-delay=\"\" data-bg-overlay=\"true\"><div class=\"inner-wrap row-bg-layer using-image\" ><div class=\"row-bg viewport-desktop using-image\"  style=\"background-image: url(https:\/\/www.home.dbrsp.de\/wp-content\/uploads\/2023\/09\/erasmus_europa_flagge-scaled.jpg); background-position: center center; background-repeat: no-repeat; \"><\/div><\/div><div class=\"row-bg-overlay row-bg-layer\" style=\"background-color:rgba(10,10,10,0.6);  opacity: 0.3; \"><\/div><\/div><div class=\"row_col_wrap_12 col span_12 light left\">\n\t<div  class=\"vc_col-sm-12 wpb_column column_container vc_column_container col no-extra-padding inherit_tablet inherit_phone flex_gap_desktop_10px \"  data-padding-pos=\"all\" data-has-bg-color=\"false\" data-bg-color=\"\" data-bg-opacity=\"1\" data-animation=\"\" data-delay=\"0\" >\n\t\t<div class=\"vc_column-inner\" >\n\t\t\t<div class=\"wpb_wrapper\">\n\t\t\t\t<div class=\"nectar-split-heading  font_size_phone_35px \" data-align=\"default\" data-m-align=\"inherit\" data-text-effect=\"default\" data-animation-type=\"line-reveal-by-space\" data-animation-delay=\"0\" data-animation-offset=\"\" data-m-rm-animation=\"\" data-stagger=\"\" data-custom-font-size=\"false\" ><h1 >ERASMUS+<\/h1><\/div>\n\t\t\t<\/div> \n\t\t<\/div>\n\t<\/div> \n<\/div><\/div>\n\t\t<div id=\"fws_69f3589d86e5b\"  data-column-margin=\"default\" data-midnight=\"dark\" data-top-percent=\"3%\"  class=\"wpb_row vc_row-fluid vc_row\"  style=\"padding-top: calc(100vw * 0.03); padding-bottom: 0px; \"><div class=\"row-bg-wrap\" data-bg-animation=\"none\" data-bg-animation-delay=\"\" data-bg-overlay=\"false\"><div class=\"inner-wrap row-bg-layer\" ><div class=\"row-bg viewport-desktop\"  style=\"\"><\/div><\/div><\/div><div class=\"row_col_wrap_12 col span_12 dark left\">\n\t<div  class=\"vc_col-sm-12 wpb_column column_container vc_column_container col no-extra-padding inherit_tablet inherit_phone flex_gap_desktop_10px \"  data-padding-pos=\"all\" data-has-bg-color=\"false\" data-bg-color=\"\" data-bg-opacity=\"1\" data-animation=\"\" data-delay=\"0\" >\n\t\t<div class=\"vc_column-inner\" >\n\t\t\t<div class=\"wpb_wrapper\">\n\t\t\t\t<div class=\"divider-wrap height_phone_25px \" data-alignment=\"default\"><div  class=\"divider\"><\/div><\/div>\n<div class=\"wpb_text_column wpb_content_element \" >\n\t<p>Die F\u00f6rderung der europaweiten Zusammenarbeit in allen Bildungsbereichen ist ein wichtiges Anliegen der Europ\u00e4ischen Union. Das erfolgreiche EU-Programm Erasmus+ f\u00fcr Bildung, Jugend und Sport wird deshalb fortgef\u00fchrt. Auf dem Weg zu einem gemeinsamen europ\u00e4ischen Bildungsraum kommt dem Programm eine Schl\u00fcsselrolle zu. Zwischen 2021 und 2027 steht dazu ein Gesamtbudget von ca. 26 Milliarden Euro zur Verf\u00fcgung.<\/p>\n<p>Erasmus+ soll lebenslanges Lernen f\u00f6rdern, nachhaltiges Wachstum erm\u00f6glichen, sozialen Zusammenhalt und die europ\u00e4ische Identit\u00e4t st\u00e4rken sowie Innovationen vorantreiben. Im Zentrum des Programms stehen dabei die Themen Inklusion und Diversit\u00e4t, Digitalisierung, politische Bildung und Nachhaltigkeit, die eng miteinander verbunden sind.<\/p>\n<p>In der aktuellen Programmgeneration 2021 bis 2027 k\u00f6nnen noch mehr Europ\u00e4erinnen und Europ\u00e4er einfacher als bisher an Erasmus+ teilnehmen. Besonders angesprochen sind alle, die bisher wegen ihrer pers\u00f6nlichen oder sozialen Situation oder wegen struktureller Faktoren nicht vom Programm erreicht wurden. Insgesamt soll der Zugang f\u00fcr alle Menschen und Organisationen erleichtert werden.<\/p>\n<p>Auf dem Weg zu dieser breiteren sozialen Teilhabe am Erasmus+ Programm ist auch die Digitalisierung ein wichtiger Baustein. Neben der digitalen Verwaltung und Administration sind Blended-Mobility-Formate neu im Programm. F\u00fcr das Ziel, den \u00f6kologischen Fu\u00dfabdruck von Erasmus+ zu verringern, setzt das Programm auf verschiedene Ma\u00dfnahmen. So werden etwa finanzielle Anreize f\u00fcr die Nutzung von umweltfreundlichen Transportmitteln geschaffen, \u201egreen skills\u201c gef\u00f6rdert und digitale Instrumente sollen verst\u00e4rkt eingesetzt werden.<\/p>\n<p><a class=\"external-link-new-window\" title=\"\u00d6ffnet neue Seite in neuem Fenster\" href=\"https:\/\/ec.europa.eu\/programmes\/erasmus-plus\/node_de\" target=\"_blank\" rel=\"noopener noreferrer\">Informationen der EU-Kommission zum EU-Programm Erasmus+<\/a><\/p>\n<p style=\"text-align: right;\"><em>Quelle: https:\/\/www.erasmusplus.de\/erasmus<\/em><\/p>\n<h4>Hier finden Sie Informationen zu unserem aktuellen ERASMUS+ Projekt:<\/h4>\n<p><a href=\"https:\/\/www.home.dbrsp.de\/index.php\/LOLA\">ERASMUS+ Projekt 2025\/26: LOcal LAnguages<\/a><\/p>\n<p><a href=\"https:\/\/www.home.dbrsp.de\/?page_id=21246&amp;preview=true\">ERASMUS+ Projekt 2023\/24: Living a healthy life in harmony with nature<\/a><\/p>\n<p><img loading=\"lazy\" decoding=\"async\" class=\"size-medium wp-image-21244 alignright\" src=\"https:\/\/www.home.dbrsp.de\/wp-content\/uploads\/2023\/07\/erasmusplus-logo-all-en-300dpi-300x121.jpg\" alt=\"\" width=\"300\" height=\"121\" srcset=\"https:\/\/www.home.dbrsp.de\/wp-content\/uploads\/2023\/07\/erasmusplus-logo-all-en-300dpi-300x121.jpg 300w, https:\/\/www.home.dbrsp.de\/wp-content\/uploads\/2023\/07\/erasmusplus-logo-all-en-300dpi-1024x415.jpg 1024w, https:\/\/www.home.dbrsp.de\/wp-content\/uploads\/2023\/07\/erasmusplus-logo-all-en-300dpi-768x311.jpg 768w, https:\/\/www.home.dbrsp.de\/wp-content\/uploads\/2023\/07\/erasmusplus-logo-all-en-300dpi.jpg 1042w\" sizes=\"auto, (max-width: 300px) 100vw, 300px\" \/><\/p>\n<\/div>\n\n\n\n\n\t\t\t<\/div> \n\t\t<\/div>\n\t<\/div> \n<\/div><\/div>\n","protected":false},"excerpt":{"rendered":"ERASMUS+ Die F\u00f6rderung der europaweiten Zusammenarbeit in allen Bildungsbereichen ist ein wichtiges Anliegen der Europ\u00e4ischen Union. Das erfolgreiche EU-Programm Erasmus+ f\u00fcr Bildung, Jugend und Sport wird deshalb fortgef\u00fchrt. Auf dem...","protected":false},"author":4,"featured_media":0,"parent":0,"menu_order":0,"comment_status":"closed","ping_status":"closed","template":"","meta":{"inline_featured_image":false,"footnotes":""},"class_list":["post-21240","page","type-page","status-publish"],"_links":{"self":[{"href":"https:\/\/www.home.dbrsp.de\/index.php\/wp-json\/wp\/v2\/pages\/21240","targetHints":{"allow":["GET"]}}],"collection":[{"href":"https:\/\/www.home.dbrsp.de\/index.php\/wp-json\/wp\/v2\/pages"}],"about":[{"href":"https:\/\/www.home.dbrsp.de\/index.php\/wp-json\/wp\/v2\/types\/page"}],"author":[{"embeddable":true,"href":"https:\/\/www.home.dbrsp.de\/index.php\/wp-json\/wp\/v2\/users\/4"}],"replies":[{"embeddable":true,"href":"https:\/\/www.home.dbrsp.de\/index.php\/wp-json\/wp\/v2\/comments?post=21240"}],"version-history":[{"count":34,"href":"https:\/\/www.home.dbrsp.de\/index.php\/wp-json\/wp\/v2\/pages\/21240\/revisions"}],"predecessor-version":[{"id":23144,"href":"https:\/\/www.home.dbrsp.de\/index.php\/wp-json\/wp\/v2\/pages\/21240\/revisions\/23144"}],"wp:attachment":[{"href":"https:\/\/www.home.dbrsp.de\/index.php\/wp-json\/wp\/v2\/media?parent=21240"}],"curies":[{"name":"wp","href":"https:\/\/api.w.org\/{rel}","templated":true}]}}

<div id="fws_69f3589d86938"  data-column-margin="default" data-midnight="light" data-top-percent="15%" data-bottom-percent="13%"  class="wpb_row vc_row-fluid vc_row full-width-section vc_row-o-equal-height vc_row-flex vc_row-o-content-bottom"  style="padding-top: calc(100vw * 0.15); padding-bottom: calc(100vw * 0.13); "><div class="row-bg-wrap" data-bg-animation="none" data-bg-animation-delay="" data-bg-overlay="true"><div class="inner-wrap row-bg-layer using-image" ><div class="row-bg viewport-desktop using-image"  style="background-image: url(https://www.home.dbrsp.de/wp-content/uploads/2023/09/erasmus_europa_flagge-scaled.jpg); background-position: center center; background-repeat: no-repeat; "></div></div><div class="row-bg-overlay row-bg-layer" style="background-color:rgba(10,10,10,0.6);  opacity: 0.3; "></div></div><div class="row_col_wrap_12 col span_12 light left">
	<div  class="vc_col-sm-12 wpb_column column_container vc_column_container col no-extra-padding inherit_tablet inherit_phone flex_gap_desktop_10px "  data-padding-pos="all" data-has-bg-color="false" data-bg-color="" data-bg-opacity="1" data-animation="" data-delay="0" >
		<div class="vc_column-inner" >
			<div class="wpb_wrapper">
				<div class="nectar-split-heading  font_size_phone_35px " data-align="default" data-m-align="inherit" data-text-effect="default" data-animation-type="line-reveal-by-space" data-animation-delay="0" data-animation-offset="" data-m-rm-animation="" data-stagger="" data-custom-font-size="false" ><h1 >ERASMUS+</h1></div>
			</div> 
		</div>
	</div> 
</div></div>
		<div id="fws_69f3589d86e5b"  data-column-margin="default" data-midnight="dark" data-top-percent="3%"  class="wpb_row vc_row-fluid vc_row"  style="padding-top: calc(100vw * 0.03); padding-bottom: 0px; "><div class="row-bg-wrap" data-bg-animation="none" data-bg-animation-delay="" data-bg-overlay="false"><div class="inner-wrap row-bg-layer" ><div class="row-bg viewport-desktop"  style=""></div></div></div><div class="row_col_wrap_12 col span_12 dark left">
	<div  class="vc_col-sm-12 wpb_column column_container vc_column_container col no-extra-padding inherit_tablet inherit_phone flex_gap_desktop_10px "  data-padding-pos="all" data-has-bg-color="false" data-bg-color="" data-bg-opacity="1" data-animation="" data-delay="0" >
		<div class="vc_column-inner" >
			<div class="wpb_wrapper">
				<div class="divider-wrap height_phone_25px " data-alignment="default"><div  class="divider"></div></div>
<div class="wpb_text_column wpb_content_element " >
	<p>Die Förderung der europaweiten Zusammenarbeit in allen Bildungsbereichen ist ein wichtiges Anliegen der Europäischen Union. Das erfolgreiche EU-Programm Erasmus+ für Bildung, Jugend und Sport wird deshalb fortgeführt. Auf dem Weg zu einem gemeinsamen europäischen Bildungsraum kommt dem Programm eine Schlüsselrolle zu. Zwischen 2021 und 2027 steht dazu ein Gesamtbudget von ca. 26 Milliarden Euro zur Verfügung.</p>
<p>Erasmus+ soll lebenslanges Lernen fördern, nachhaltiges Wachstum ermöglichen, sozialen Zusammenhalt und die europäische Identität stärken sowie Innovationen vorantreiben. Im Zentrum des Programms stehen dabei die Themen Inklusion und Diversität, Digitalisierung, politische Bildung und Nachhaltigkeit, die eng miteinander verbunden sind.</p>
<p>In der aktuellen Programmgeneration 2021 bis 2027 können noch mehr Europäerinnen und Europäer einfacher als bisher an Erasmus+ teilnehmen. Besonders angesprochen sind alle, die bisher wegen ihrer persönlichen oder sozialen Situation oder wegen struktureller Faktoren nicht vom Programm erreicht wurden. Insgesamt soll der Zugang für alle Menschen und Organisationen erleichtert werden.</p>
<p>Auf dem Weg zu dieser breiteren sozialen Teilhabe am Erasmus+ Programm ist auch die Digitalisierung ein wichtiger Baustein. Neben der digitalen Verwaltung und Administration sind Blended-Mobility-Formate neu im Programm. Für das Ziel, den ökologischen Fußabdruck von Erasmus+ zu verringern, setzt das Programm auf verschiedene Maßnahmen. So werden etwa finanzielle Anreize für die Nutzung von umweltfreundlichen Transportmitteln geschaffen, „green skills“ gefördert und digitale Instrumente sollen verstärkt eingesetzt werden.</p>
<p><a class="external-link-new-window" title="Öffnet neue Seite in neuem Fenster" href="https://ec.europa.eu/programmes/erasmus-plus/node_de" target="_blank" rel="noopener noreferrer">Informationen der EU-Kommission zum EU-Programm Erasmus+</a></p>
<p style="text-align: right;"><em>Quelle: https://www.erasmusplus.de/erasmus</em></p>
<h4>Hier finden Sie Informationen zu unserem aktuellen ERASMUS+ Projekt:</h4>
<p><a href="https://www.home.dbrsp.de/index.php/LOLA">ERASMUS+ Projekt 2025/26: LOcal LAnguages</a></p>
<p><a href="https://www.home.dbrsp.de/?page_id=21246&amp;preview=true">ERASMUS+ Projekt 2023/24: Living a healthy life in harmony with nature</a></p>
<p><img loading="lazy" decoding="async" class="size-medium wp-image-21244 alignright" src="https://www.home.dbrsp.de/wp-content/uploads/2023/07/erasmusplus-logo-all-en-300dpi-300x121.jpg" alt="" width="300" height="121" srcset="https://www.home.dbrsp.de/wp-content/uploads/2023/07/erasmusplus-logo-all-en-300dpi-300x121.jpg 300w, https://www.home.dbrsp.de/wp-content/uploads/2023/07/erasmusplus-logo-all-en-300dpi-1024x415.jpg 1024w, https://www.home.dbrsp.de/wp-content/uploads/2023/07/erasmusplus-logo-all-en-300dpi-768x311.jpg 768w, https://www.home.dbrsp.de/wp-content/uploads/2023/07/erasmusplus-logo-all-en-300dpi.jpg 1042w" sizes="auto, (max-width: 300px) 100vw, 300px" /></p>
</div>




			</div> 
		</div>
	</div> 
</div></div>

ERASMUS+ Die Förderung der europaweiten Zusammenarbeit in allen Bildungsbereichen ist ein wichtiges Anliegen der Europäischen Union. Das erfolgreiche EU-Programm Erasmus+ für Bildung, Jugend und Sport wird deshalb fortgeführt. Auf dem...
