{"id":6490,"date":"2022-12-24T09:43:14","date_gmt":"2022-12-24T08:43:14","guid":{"rendered":"https:\/\/www.home.dbrsp.de\/?page_id=6490"},"modified":"2026-02-13T11:09:29","modified_gmt":"2026-02-13T10:09:29","slug":"digitaler-tag-der-offenen-tuer","status":"publish","type":"page","link":"https:\/\/www.home.dbrsp.de\/index.php\/digitaler-tag-der-offenen-tuer\/","title":{"rendered":"Tag der offenen T\u00fcr"},"content":{"rendered":"\n\t\t<div id=\"fws_6a044ec3831a3\"  data-column-margin=\"default\" data-midnight=\"light\" data-top-percent=\"15%\" data-bottom-percent=\"13%\"  class=\"wpb_row vc_row-fluid vc_row full-width-section vc_row-o-equal-height vc_row-flex vc_row-o-content-bottom\"  style=\"padding-top: calc(100vw * 0.15); padding-bottom: calc(100vw * 0.13); \"><div class=\"row-bg-wrap\" data-bg-animation=\"none\" data-bg-animation-delay=\"\" data-bg-overlay=\"true\"><div class=\"inner-wrap row-bg-layer using-image\" ><div class=\"row-bg viewport-desktop using-image\"  style=\"background-image: url(https:\/\/www.home.dbrsp.de\/wp-content\/uploads\/2022\/12\/digitaler_tag_der_offenen_tuer_background-scaled.jpg); background-position: 0% 30%; background-repeat: no-repeat; \"><\/div><\/div><div class=\"row-bg-overlay row-bg-layer\" style=\"background-color:rgba(10,10,10,0.6);  opacity: 0.3; \"><\/div><\/div><div class=\"row_col_wrap_12 col span_12 light left\">\n\t<div  class=\"vc_col-sm-12 wpb_column column_container vc_column_container col no-extra-padding inherit_tablet inherit_phone flex_gap_desktop_10px \"  data-padding-pos=\"all\" data-has-bg-color=\"false\" data-bg-color=\"\" data-bg-opacity=\"1\" data-animation=\"\" data-delay=\"0\" >\n\t\t<div class=\"vc_column-inner\" >\n\t\t\t<div class=\"wpb_wrapper\">\n\t\t\t\t<div class=\"nectar-split-heading  font_size_phone_35px \" data-align=\"default\" data-m-align=\"inherit\" data-text-effect=\"default\" data-animation-type=\"line-reveal-by-space\" data-animation-delay=\"0\" data-animation-offset=\"\" data-m-rm-animation=\"\" data-stagger=\"\" data-custom-font-size=\"false\" ><h1 >Einblicke in die Dominik-Brunner-Realschule<\/h1><\/div>\n\t\t\t<\/div> \n\t\t<\/div>\n\t<\/div> \n<\/div><\/div>\n\t\t<div id=\"fws_6a044ec383754\"  data-column-margin=\"default\" data-midnight=\"dark\" data-top-percent=\"5%\" data-bottom-percent=\"2%\"  class=\"wpb_row vc_row-fluid vc_row full-width-section has-row-bg-color\"  style=\"padding-top: calc(100vw * 0.05); padding-bottom: calc(100vw * 0.02); --row-bg-color: #ffffff;\"><div class=\"row-bg-wrap\" data-bg-animation=\"none\" data-bg-animation-delay=\"\" data-bg-overlay=\"false\"><div class=\"inner-wrap row-bg-layer\" ><div class=\"row-bg viewport-desktop using-bg-color\"  style=\"background-color: #ffffff; \"><\/div><\/div><\/div><div class=\"row_col_wrap_12 col span_12 dark left\">\n\t<div  class=\"vc_col-sm-12 wpb_column column_container vc_column_container col no-extra-padding inherit_tablet inherit_phone flex_gap_desktop_10px \"  data-padding-pos=\"all\" data-has-bg-color=\"false\" data-bg-color=\"\" data-bg-opacity=\"1\" data-animation=\"\" data-delay=\"0\" >\n\t\t<div class=\"vc_column-inner\" >\n\t\t\t<div class=\"wpb_wrapper\">\n\t\t\t\t<div class=\"nectar-highlighted-text\" data-style=\"half_text\" data-exp=\"default\" data-using-custom-color=\"true\" data-animation-delay=\"false\" data-color=\"rgba(52,82,255,0.43)\" data-color-gradient=\"\" style=\"\"><h2 style=\"text-align: center\">Tag der offenen T\u00fcr am Dienstag, 21.04.2026 von 14:30 &#8211; 17:00 Uhr<\/h2>\n<\/div><div id=\"fws_6a044ec383d02\" data-midnight=\"\" data-column-margin=\"90px\" class=\"wpb_row vc_row-fluid vc_row inner_row\"  style=\"\"><div class=\"row-bg-wrap\"> <div class=\"row-bg\" ><\/div> <\/div><div class=\"row_col_wrap_12_inner col span_12  left\">\n\t<div  class=\"vc_col-sm-4 wpb_column column_container vc_column_container col child_column padding-3-percent inherit_tablet inherit_phone flex_gap_desktop_10px \"   data-padding-pos=\"top-bottom\" data-has-bg-color=\"false\" data-bg-color=\"\" data-bg-opacity=\"1\" data-animation=\"\" data-delay=\"0\" >\n\t\t<div class=\"vc_column-inner\" >\n\t\t<div class=\"wpb_wrapper\">\n\t\t\t<div class=\"divider-wrap height_phone_0px \" data-alignment=\"default\"><div style=\"height: 20px;\" class=\"divider\"><\/div><\/div>\n<div class=\"wpb_text_column wpb_content_element  vc_custom_1671872701600\" >\n\t<h3>\u00dcber uns<\/h3>\n<\/div>\n\n\n\n\n<div class=\"wpb_text_column wpb_content_element  vc_custom_1706961874603\" >\n\t<p>Der Tag der offenen T\u00fcr an der Dominik-Brunner-Realschule Poing bietet die M\u00f6glichkeit, sich von der Schule und der Vision mit dem digitalen Lernen einen Eindruck zu machen.<\/p>\n<\/div>\n\n\n\n\n\t\t<\/div> \n\t<\/div>\n\t<\/div> \n\n\t<div  class=\"vc_col-sm-4 wpb_column column_container vc_column_container col child_column padding-3-percent inherit_tablet inherit_phone flex_gap_desktop_10px \"   data-padding-pos=\"top-bottom\" data-has-bg-color=\"false\" data-bg-color=\"\" data-bg-opacity=\"1\" data-animation=\"\" data-delay=\"0\" >\n\t\t<div class=\"vc_column-inner\" >\n\t\t<div class=\"wpb_wrapper\">\n\t\t\t<div class=\"nectar-hor-list-item  \" data-hover-effect=\"full_border\" data-br=\"none\" data-font-family=\"p\" data-color=\"accent-color\" data-columns=\"1\" data-column-layout=\"default\"><div class=\"nectar-list-item\" data-icon=\"true\" data-text-align=\"left\"><span class=\"im-icon-wrap item-icon\" data-size=\"regular\"><span><svg role=\"presentation\" version=\"1.1\" xmlns=\"http:\/\/www.w3.org\/2000\/svg\" width=\"32\" height=\"32\" viewBox=\"0 0 32 32\">\n        <path d=\"M12.667 22.825c-0.109 0-0.217-0.027-0.316-0.081-0.216-0.113-0.351-0.34-0.351-0.585v-12.317c0-0.245 0.135-0.472 0.351-0.584 0.215-0.117 0.477-0.107 0.683 0.029l9.333 6.159c0.187 0.123 0.3 0.331 0.3 0.555s-0.112 0.435-0.3 0.557l-9.333 6.159c-0.111 0.073-0.239 0.109-0.367 0.109zM13.333 11.081v9.841l7.456-4.919-7.456-4.923zM16 1.333c8.085 0 14.667 6.581 14.667 14.667s-6.581 14.667-14.667 14.667c-8.087 0-14.667-6.581-14.667-14.667s6.58-14.667 14.667-14.667zM16 0c-8.836 0-16 7.164-16 16s7.164 16 16 16 16-7.164 16-16-7.164-16-16-16v0z\"><\/path>\n        <\/svg><\/span><\/span>Der \"brvl\" pr\u00e4sentiert die Realschule<\/div><a class=\"full-link\" target=\"_blank\" aria-label=\"Der &quot;brvl&quot; pr\u00e4sentiert die Realschule\" href=\"https:\/\/www.youtube.com\/watch?v=Vgw2NQlfl4Q\"> <\/a><\/div><div class=\"nectar-hor-list-item  \" data-hover-effect=\"full_border\" data-br=\"none\" data-font-family=\"p\" data-color=\"accent-color\" data-columns=\"1\" data-column-layout=\"default\"><div class=\"nectar-list-item\" data-icon=\"true\" data-text-align=\"left\"><span class=\"im-icon-wrap item-icon\" data-size=\"regular\"><span><svg role=\"presentation\" version=\"1.1\" xmlns=\"http:\/\/www.w3.org\/2000\/svg\" width=\"32\" height=\"32\" viewBox=\"0 0 32 32\">\n        <path d=\"M12.667 22.825c-0.109 0-0.217-0.027-0.316-0.081-0.216-0.113-0.351-0.34-0.351-0.585v-12.317c0-0.245 0.135-0.472 0.351-0.584 0.215-0.117 0.477-0.107 0.683 0.029l9.333 6.159c0.187 0.123 0.3 0.331 0.3 0.555s-0.112 0.435-0.3 0.557l-9.333 6.159c-0.111 0.073-0.239 0.109-0.367 0.109zM13.333 11.081v9.841l7.456-4.919-7.456-4.923zM16 1.333c8.085 0 14.667 6.581 14.667 14.667s-6.581 14.667-14.667 14.667c-8.087 0-14.667-6.581-14.667-14.667s6.58-14.667 14.667-14.667zM16 0c-8.836 0-16 7.164-16 16s7.164 16 16 16 16-7.164 16-16-7.164-16-16-16v0z\"><\/path>\n        <\/svg><\/span><\/span>Welche Schule ist f\u00fcr mich die richtige?<\/div><a class=\"full-link\" target=\"_blank\" aria-label=\"Welche Schule ist f\u00fcr mich die richtige?\" href=\"https:\/\/www.schule-in-bayern.de\/beitrag\/welche-schule-ist-die-richtige-fuer-michr\"> <\/a><\/div>\n\t\t<\/div> \n\t<\/div>\n\t<\/div> \n\n\t<div  class=\"vc_col-sm-4 wpb_column column_container vc_column_container col child_column no-extra-padding inherit_tablet inherit_phone flex_gap_desktop_10px \"   data-padding-pos=\"all\" data-has-bg-color=\"false\" data-bg-color=\"\" data-bg-opacity=\"1\" data-animation=\"\" data-delay=\"0\" >\n\t\t<div class=\"vc_column-inner\" >\n\t\t<div class=\"wpb_wrapper\">\n\t\t\t<div class=\"divider-wrap\" data-alignment=\"default\"><div style=\"height: 40px;\" class=\"divider\"><\/div><\/div><div class=\"nectar-hor-list-item  \" data-hover-effect=\"full_border\" data-br=\"none\" data-font-family=\"p\" data-color=\"accent-color\" data-columns=\"1\" data-column-layout=\"default\"><div class=\"nectar-list-item\" data-icon=\"true\" data-text-align=\"left\"><span class=\"im-icon-wrap item-icon\" data-size=\"regular\"><span><svg role=\"presentation\" version=\"1.1\" xmlns=\"http:\/\/www.w3.org\/2000\/svg\" width=\"32\" height=\"32\" viewBox=\"0 0 32 32\">\n        <path d=\"M23.312 29.972c-0.117 0-0.237-0.029-0.341-0.092l-3.312-1.972c-0.316-0.188-0.419-0.596-0.232-0.915 0.189-0.315 0.599-0.42 0.915-0.232l2.972 1.767 2.972-1.767c0.316-0.191 0.725-0.084 0.916 0.232 0.188 0.315 0.084 0.725-0.232 0.915l-3.312 1.972c-0.109 0.060-0.227 0.092-0.345 0.092zM23.333 30c-0.367 0-0.667-0.3-0.667-0.667v-8c0-0.367 0.3-0.667 0.667-0.667s0.667 0.3 0.667 0.667v8c0 0.367-0.3 0.667-0.667 0.667zM17.333 32h-12.667c-0.368 0-0.667-0.3-0.667-0.667v-23.224c0-0.164 0.060-0.321 0.169-0.444l6.667-7.443c0.127-0.141 0.307-0.223 0.497-0.223h16c0.367 0 0.667 0.299 0.667 0.667v19.333c0 0.367-0.3 0.667-0.667 0.667s-0.667-0.3-0.667-0.667v-18.667h-15.035l-6.299 7.031v22.303h12c0.367 0 0.667 0.3 0.667 0.667s-0.3 0.667-0.667 0.667zM11.333 9.333h-6c-0.368 0-0.667-0.299-0.667-0.667s0.299-0.667 0.667-0.667h5.333v-6.667c0-0.368 0.299-0.667 0.667-0.667s0.667 0.299 0.667 0.667v7.333c0 0.368-0.299 0.667-0.667 0.667z\"><\/path>\n        <\/svg><\/span><\/span>H\u00e4ufig gestellte Fragen<\/div><a class=\"full-link\" target=\"_blank\" aria-label=\"H\u00e4ufig gestellte Fragen\" href=\"https:\/\/www.home.dbrsp.de\/wp-content\/uploads\/2022\/12\/Haeufig-gestellte-Fragen-zum-Uebertritt-in-der-4-.-Klasse-Dominik-Brunner-Realschule-Poing.pdf\"> <\/a><\/div><div class=\"nectar-hor-list-item  \" data-hover-effect=\"full_border\" data-br=\"none\" data-font-family=\"p\" data-color=\"accent-color\" data-columns=\"1\" data-column-layout=\"default\"><div class=\"nectar-list-item\" data-icon=\"true\" data-text-align=\"left\"><span class=\"im-icon-wrap item-icon\" data-size=\"regular\"><span><svg role=\"presentation\" version=\"1.1\" xmlns=\"http:\/\/www.w3.org\/2000\/svg\" width=\"32\" height=\"32\" viewBox=\"0 0 32 32\">\n        <path d=\"M18.007 24.028h-4c-0.368 0-0.667-0.3-0.667-0.667v-9.333c0-0.367 0.299-0.667 0.667-0.667h4c0.368 0 0.667 0.3 0.667 0.667v9.333c0 0.368-0.299 0.667-0.667 0.667zM14.673 22.695h2.667v-8h-2.667v8zM16.007 12.073c-1.475 0-2.675-1.197-2.675-2.675s1.2-2.675 2.675-2.675c1.475 0 2.675 1.197 2.675 2.675s-1.2 2.675-2.675 2.675zM16.007 8.057c-0.74 0-1.341 0.601-1.341 1.341s0.601 1.341 1.341 1.341c0.741 0 1.341-0.601 1.341-1.341s-0.6-1.341-1.341-1.341zM16 32c-8.823 0-16-7.177-16-16s7.177-16 16-16 16 7.177 16 16-7.177 16-16 16zM16 1.333c-8.087 0-14.667 6.583-14.667 14.667 0 8.087 6.58 14.667 14.667 14.667 8.085 0 14.667-6.58 14.667-14.667 0-8.085-6.579-14.667-14.667-14.667z\"><\/path>\n        <\/svg><\/span><\/span>Beratungskr\u00e4fte der DBRSP<\/div><a class=\"full-link\" aria-label=\"Beratungskr\u00e4fte der DBRSP\" href=\"https:\/\/www.home.dbrsp.de\/index.php\/beratung\/\"> <\/a><\/div>\n\t\t<\/div> \n\t<\/div>\n\t<\/div> \n<\/div><\/div>\n\t\t\t<\/div> \n\t\t<\/div>\n\t<\/div> \n<\/div><\/div>\n\t\t<div id=\"fws_6a044ec3848b6\"  data-column-margin=\"default\" data-midnight=\"dark\"  class=\"wpb_row vc_row-fluid vc_row\"  style=\"padding-top: 0px; padding-bottom: 0px; \"><div class=\"row-bg-wrap\" data-bg-animation=\"none\" data-bg-animation-delay=\"\" data-bg-overlay=\"false\"><div class=\"inner-wrap row-bg-layer\" ><div class=\"row-bg viewport-desktop\"  style=\"\"><\/div><\/div><\/div><div class=\"row_col_wrap_12 col span_12 dark left\">\n\t<div  class=\"vc_col-sm-12 wpb_column column_container vc_column_container col no-extra-padding inherit_tablet inherit_phone flex_gap_desktop_10px \"  data-padding-pos=\"all\" data-has-bg-color=\"false\" data-bg-color=\"\" data-bg-opacity=\"1\" data-animation=\"\" data-delay=\"0\" >\n\t\t<div class=\"vc_column-inner\" >\n\t\t\t<div class=\"wpb_wrapper\">\n\t\t\t\t<div class=\"divider-wrap height_phone_0px \" data-alignment=\"default\"><div style=\"height: 10px;\" class=\"divider\"><\/div><\/div>\n\t\t\t<\/div> \n\t\t<\/div>\n\t<\/div> \n<\/div><\/div>\n","protected":false},"excerpt":{"rendered":"Einblicke in die Dominik-Brunner-Realschule Tag der offenen T\u00fcr am Dienstag, 21.04.2026 von 14:30 - 17:00 Uhr \u00dcber uns Der Tag der offenen T\u00fcr an der Dominik-Brunner-Realschule Poing bietet die M\u00f6glichkeit,...","protected":false},"author":6,"featured_media":0,"parent":0,"menu_order":0,"comment_status":"closed","ping_status":"closed","template":"","meta":{"inline_featured_image":false,"footnotes":""},"class_list":["post-6490","page","type-page","status-publish"],"_links":{"self":[{"href":"https:\/\/www.home.dbrsp.de\/index.php\/wp-json\/wp\/v2\/pages\/6490","targetHints":{"allow":["GET"]}}],"collection":[{"href":"https:\/\/www.home.dbrsp.de\/index.php\/wp-json\/wp\/v2\/pages"}],"about":[{"href":"https:\/\/www.home.dbrsp.de\/index.php\/wp-json\/wp\/v2\/types\/page"}],"author":[{"embeddable":true,"href":"https:\/\/www.home.dbrsp.de\/index.php\/wp-json\/wp\/v2\/users\/6"}],"replies":[{"embeddable":true,"href":"https:\/\/www.home.dbrsp.de\/index.php\/wp-json\/wp\/v2\/comments?post=6490"}],"version-history":[{"count":124,"href":"https:\/\/www.home.dbrsp.de\/index.php\/wp-json\/wp\/v2\/pages\/6490\/revisions"}],"predecessor-version":[{"id":23039,"href":"https:\/\/www.home.dbrsp.de\/index.php\/wp-json\/wp\/v2\/pages\/6490\/revisions\/23039"}],"wp:attachment":[{"href":"https:\/\/www.home.dbrsp.de\/index.php\/wp-json\/wp\/v2\/media?parent=6490"}],"curies":[{"name":"wp","href":"https:\/\/api.w.org\/{rel}","templated":true}]}}